 derivative of -u**3/3 - 3*u**2/2 + 7*u + 10. Let q(x) = -7*x + 71. Let i be q(11). Calculate v(i).
-11
Let z = -4 + 6. Let a = z - 2. Let c be (1 - a) + -1 + 1. Let i(p) = -6*p**3 + 2*p**2 - 1. What is i(c)?
-5
Let q(c) = -c**3 + 5*c**2 + 6*c - 2. Suppose 2*y - 6 = -2. Let w be 4/(5/(15/y)). What is q(w)?
-2
Let j(z) = z**3 - 5*z**2 - z - 1. Let a(m) = -3*m + 21. Suppose 22 = 3*f + 4*w, -3*w + 17 = 4*f - 10. Let i be a(f). Give j(i).
-22
Let b(y) = -y**2 - 3*y + 4. Let t be 7/((-21)/2)*6. Let z be b(t). Let a(o) = -o**2 - o + 6. Determine a(z).
6
Suppose 3*v - 108 = -9*v. Let i be ((-4)/12)/(3/v). Let b(u) = -2*u**2 + u + 1. Determine b(i).
-2
Let f be (45/(-6))/((-51)/34). Let n(r) = r**3 - 5*r**2 - 4*r + 5. Give n(f).
-15
Let l(y) be the second derivative of -y**4/24 - y**3/3 - 3*y**2/2 - 15*y. Let n(x) be the first derivative of l(x). Give n(4).
-6
Let v be (8/6)/(2/3). Let k(l) = -l + 9. Let o(a) = 2*a - 30. Let z(h) = 10*k(h) + 3*o(h). What is z(v)?
-8
Suppose 4*y - 7*y + 12 = 0. Let r be y/3 - (-9)/(-27). Let h(d) = 24*d**3 - d**2 + 1. Give h(r).
24
Let l = -1 - -9. Suppose -3 = -5*m + m - 5*v, -m - 1 = 3*v. Suppose -4*n + l = -m*n. Let j(f) = -f**3 + 3*f**2 + 4*f + 5. Calculate j(n).
5
Let a(f) = f + 4. Let b be a(-10). Let v = b + 21. Suppose -5*k + v = -5*u, 8*k + 5*u - 35 = 3*k. Let y(n) = -n**2 + 7*n - 2. Give y(k).
8
Let p(s) = s**2 + 2*s + 1. Let k(l) = -8*l**2 - 4*l - 3. Let x(c) = -k(c) - 2*p(c). Determine x(-1).
7
Suppose 506 = 13*c + 675. Let k(v) = -v**3 - 12*v**2 + 12*v - 7. Give k(c).
6
Let b(t) = -8*t - 12 - 9*t**2 - 4*t - 200688*t**3 + 200687*t**3. What is b(-8)?
20
Let m(x) = -2*x**2 + 18*x - 35. Let z be m(4). Let f(a) = a + 5. Give f(z).
10
Let g(m) = m - 3. Let x(k) be the third derivative of k**4/12 - 2*k**3/3 + 12*k**2. Let r(d) = 3*g(d) - 2*x(d). Determine r(-4).
3
Let q(i) = i**2 + 4*i - 2. Let v = -6 - -9. Suppose 0 = -4*t - 2*k, -v*t + 2 = -2*k - 5. Let z be t + 1 + 3 + -11. Determine q(z).
10
Let x(b) = -8*b - 4. Let u(a) = a - 1. Let q be u(6). Let f(g) = 7*g + 4. Let w(y) = q*x(y) + 6*f(y). Let p = -10625 - -10619. What is w(p)?
-8
Let v(l) = -11*l + l + 2*l + l**2 + 1. Suppose -5*a + 23 + 7 = -5*d, -2*d = 2*a + 32. Let p = d - -17. Give v(p).
-11
Let i(a) = 8*a - 5434*a**3 - 2 - 5 - 7*a**2 + 5435*a**3. Give i(6).
5
Let d = 74 + -104. Let y = d + 25. Let z(l) = -2*l - 1. Give z(y).
9
Let z(j) = -23*j + 3. Let d = 3 + -14. Let s(k) = -8*k + 1. Let f(y) = d*s(y) + 4*z(y). What is f(-1)?
5
Let z(m) = -5*m**3 - 8*m**2 + 3*m + 15. Let w(v) = 2*v**3 + 4*v**2 - v - 7. Let c(s) = 5*s - 3. Let q be c(2). Let o(t) = q*w(t) + 3*z(t). Determine o(4).
4
Let n(o) = -o - 2*o + 1 + 8*o. Let r = 1864 - 1863. Calculate n(r).
6
Let l = 101 - 69. Let y = l + -28. Let w(k) = -k**2 + 4*k - 4. Calculate w(y).
-4
Let m(g) be the first derivative of -g**5/30 + g**4/12 + 11*g**3/3 - g**2 - 59. Let o(z) be the third derivative of m(z). Suppose 0*i - 4 = -i. Determine o(i).
-14
Let f(w) = -2*w**2 - 2*w - w - 338 + 342. Let a = 5 + -5. Suppose 3*v + 3*h = -24, v - 3*h + a = 12. Determine f(v).
-5
Suppose a = 5*m + 2, 3*a - 3*m - 17 - 13 = 0. Let r(w) = -w**2 + 12*w + 2. Calculate r(a).
2
Let w be 0 + (-18)/(-9) + 4. Let u(s) be the first derivative of -3*s - 2 - 3*s**2 + 1/3*s**3. What is u(w)?
-3
Let o(z) = -z**2 + 6*z - 2. Let f be 3 - 46/14 - 102/(-14). What is o(f)?
-9
Let z = -4 - -9. Let l(n) = -7*n**2 + 7 - 7*n**3 + 0*n + z*n + 8*n**3. Calculate l(6).
1
Let k(b) = b**2 + 4*b + 2. Let d be k(-4). Suppose -d*x = -6 - 2. Let y(s) = 3 + 2*s + x - 5 - s. Calculate y(2).
4
Suppose -3*z + 22 = -8. Let f be (4/10)/(4/z). Let r(l) = 8*l + 1. Calculate r(f).
9
Suppose p + 9 = 3*d, -4*p = 2*d + d - 39. Let q be (2/p)/(6/(-90)). Let c(r) be the second derivative of -r**4/12 - r**3 - 4*r. What is c(q)?
5
Suppose 943 = 11*h + 1075. Let i(u) = -u - 15. Let k(y) = y + 14. Let b(j) = 2*i(j) + 3*k(j). Determine b(h).
0
Let m = 3 + -7. Let h(w) be the first derivative of w**2/2 - 4*w + 76. Give h(m).
-8
Let l = 146 + -141. Let q(o) = -o**3 + 5*o**2 + 2*o + 5. Calculate q(l).
15
Suppose 2*h + 2*u = 24, -3*u + 0*u = -h. Let g(v) = v**2 - 7*v - 13. Give g(h).
5
Suppose -4*u - 3*t - 65 = -6*t, 2*t - 50 = 3*u. Let i(c) = c**2 + 22*c + 42. Calculate i(u).
2
Let m be (2/(-4))/(2 + (-25)/10). Let n(o) = -3*o + 0*o - 3 + m + o. Calculate n(-3).
4
Suppose -161*c + 157*c = -8. Let b(l) = -11*l + 5. Give b(c).
-17
Let j be (-12)/60 - 41/(-5). Let g(n) = 0*n - n - 3 + j. Give g(6).
-1
Let a(f) = f**3 - 9*f**2 + 8*f + 3. Suppose 3 - 11 = -2*z. Let d be 3*z/(-12)*-24. Suppose d = 4*o - 3*q - 8, q = 0. What is a(o)?
3
Let u(p) = p - 4. Suppose 5*r + 3*j - 16 - 71 = 0, 0 = r - j - 19. Let k be 4/(-14) + (-37)/(-7). Suppose l + k*l = r. Determine u(l).
-1
Suppose 0 = -4*g - g + 10. Suppose -g*q = 2*q + 24. Let o be (-4 - q - 0) + -3. Let z(l) = 4*l. What is z(o)?
-4
Let w(o) be the third derivative of -o**9/60480 + o**8/10080 + o**7/840 - o**6/360 - o**5/60 + 5*o**2. Let k(p) be the third derivative of w(p). Determine k(4).
-10
Let n = 5 - 8. Let z be (-2)/((-21)/6 - n). Suppose -4*q = -2*w - 28, 0 = -3*q - 0*q + z*w + 31. Let r(b) = -2*b + 6. Calculate r(q).
-4
Let x(r) = -2*r - 1. Let k = 5 - 7. Suppose -3*l - 10 = 2*b - 7*l, -2*l + 8 = 2*b. Let w be 3*(b + (k - -2)). Calculate x(w).
-7
Let k(x) = 8*x**3 + 1. Let q be ((4 - -16) + 0)*2/4. Let a be (1 - 0) + 5*q/(-25). What is k(a)?
-7
Let h(d) = -d**2 + 4*d. Suppose -4*z + 40 = 4*z. Give h(z).
-5
Let r(o) = -23*o - 95. Let y be r(-4). Let q(l) = 10*l + 7. Determine q(y).
-23
Suppose 0 = 2*v - 50 + 74. Let q(f) = f**2 + 11*f - 1. What is q(v)?
11
Let u(w) = 5*w**2 - w. Let r be u(1). Suppose i + r*t = -12, 5*i + 4*t = 9 - 37. Let g(f) = -f**2 - 2*f + 2. Calculate g(i).
-6
Let s(z) = -2*z + 1 + 2 + z. Let n(k) = -26*k + 494. Let v be n(19). What is s(v)?
3
Let o(u) = u**3 + 7*u**2 + 8*u + 3. Suppose -12 = 3*b + b - 3*q, q - 4 = -3*b. Let g = -25 - b. Let k be (g/(-10))/((-2)/4). Determine o(k).
13
Let k(n) be the second derivative of -3*n - n**2 + 0 + 1/12*n**4 + 1/6*n**3. What is k(-2)?
0
Let j(z) be the second derivative of z**3/6 + 27*z**2/2 + 2*z - 111. Give j(-8).
19
Let n(t) be the third derivative of -t**7/840 + 7*t**6/360 - t**5/15 + 7*t**4/24 - 7*t**3/6 - 12*t**2. Let z(b) be the first derivative of n(b). Determine z(6).
-5
Let f(d) = -4*d**2 - d**3 - 85 - 2*d + 96 + 9*d. Give f(-5).
1
Let l(q) = q**3 - 20*q**2 + 19*q - 14. Let m be l(19). Let y(o) = -o - 9. Calculate y(m).
5
Let r = -16 + 18. Let p(x) = -r + 5 + 359*x - 358*x. What is p(3)?
6
Suppose -10 = -0*n + 5*n. Let f(a) = 2*a**3 + 4*a**2 + 2*a - 1. What is f(n)?
-5
Let m = 85 - 86. Let f(h) be the third derivative of -h**4/24 + h**2. Let p(q) = 5*q - 5. Let r(n) = m*p(n) - 6*f(n). Calculate r(-5).
0
Let r(k) = 2*k + 1 + 20*k**3 - k**2 + 0*k**2 - 21*k**3 - 2*k - k. Calculate r(-1).
2
Let a(c) = -4*c**3 - c**2 + 4. Let l be (-1)/((-10)/6 - -2). Let y(i) = -3*i**3 + 3. Let s(n) = l*y(n) + 2*a(n). Determine s(2).
-1
Let m(j) = j**3 - 4*j**2 - 4*j + 3. Suppose -z + 3*o + 17 = 0, 3*o + o + 85 = 5*z. Let i(g) = -z*g + 7*g + 11*g. Let l be i(5). Calculate m(l).
8
Let c(n) = -5 - 10 + 3 + 2*n. Give c(8).
4
Suppose 4*w - 25 = 6*w + 3*s, -3*w - s = 20. Let c(z) = -3*z - 17. Give c(w).
-2
Suppose -2*s + 6 = -0*n + 2*n, 4*s - 2 = n. Let u(t) = n*t - 36*t**2 + 4*t**3 + 3 - 2*t**3 + 0 + 38*t**2. What is u(-2)?
-9
Let s = -3 - -6. Suppose -17*g + 14*g - s = 0. Let m(v) = 2*v - 1. Let a(b) = -6*b + 4. Let l(p) = 2*a(p) + 7*m(p). Determine l(g).
-1
Let h be ((-7)/3 + 1)*3. Let g(o) = -3*o**3 - 17*o**2 + 23*o - 1. Let b(n) = -2*n**3 - 11*n**2 + 15*n - 1. Let z(m) = 8*b(m) - 5*g(m). Determine z(h).
-7
Let u(c) be the first derivative of -2*c**3/3 - c**2/2 - c + 3. Let d = 25 - 15. Let p be d/(-14) - 10/35. Determine u(p).
-2
Let d be ((-60)/(-45))/(8/30). Suppose t - d = -2. Let j(v) = 2*v**2 - 5*v + 3. Determine j(t).
6
Suppose 0 = 3*m + m - 20. Let a(k) = m*k**3 - 3*k**3 + 1 + 8*k**3 - 6*k**3. Suppose -3*n + 3*u - 21 = -9, 5*u - 13 = -2*n. What is a(n)?
-3
Let a(j) be the first derivative of -j**4/4 + 4*j**3/3 + 3*j**2 + 2*j - 104. What is a(5)?
7
Let q(v) be the first derivative of v**2/2 + 12*v - 71. Calculate q(-10).
2
Let s = 24 + -10. Let n be 21/s + 1/2. L